{"entities":{"Q13654":{"pageid":15997,"ns":120,"title":"Item:Q13654","lastrevid":157615,"modified":"2025-08-13T06:32:30Z","type":"item","id":"Q13654","labels":{"de":{"language":"de","value":"STA-Regel: Gattungsbegriffe f\u00fcr Verwaltungseinheiten von Gebietsk\u00f6rperschaften - Teil 3 | GND-Allgemeines"}},"descriptions":{},"aliases":{},"claims":{"P7":[{"mainsnak":{"snaktype":"value","property":"P7","datavalue":{"value":"<table class=\"wrapped\" data-mce-resize=\"false\"><tbody><tr><th scope=\"col\"><p>Gattungsbegriff f\u00fcr die Verwaltungseinheit (g\u00e4ngige Sucheinstiege)</p></th><th scope=\"col\"><p>Im Sucheinstieg zu verwendender Begriff</p></th><th scope=\"col\"><p>Als instanzieller Oberbegriff zu erfassender Gattungsbegriff</p></th><th scope=\"col\"><p>GND-ID des Gattungsbegriffs&nbsp;</p></th><th scope=\"col\"><p>Bemerkungen</p></th></tr><tr><td><p>Apostolische Administratur</p></td><td><p>Apostolische Administratur</p></td><td><p>Apostolische Administratur</p></td><td><p>4142799-3</p></td><td><p><br /></p></td></tr><tr><td><p>Apostolisches Vikariat</p></td><td><p>Apostolisches Vikariat</p></td><td><p>Apostolisches Vikariat</p></td><td><p>4389967-5</p></td><td><p><br /></p></td></tr><tr><td><p>Archidiakonat</p></td><td><p>Archidiakonat</p></td><td><p>Archidiakonat</p><p><br /></p></td><td><p>4142950-3</p></td><td><p><br /></p></td></tr><tr><td><p>Bisch\u00f6fliches Amt</p></td><td><p>Bisch\u00f6fliches Amt</p></td><td><p>Bisch\u00f6fliches Amt</p></td><td><p>7714701-7</p></td><td><p><br /></p></td></tr><tr><td><p>Bistum</p></td><td><p>Di\u00f6zese</p></td><td><p>Di\u00f6zese</p></td><td><p>4070487-7</p></td><td><p>F\u00fcr Di\u00f6zesen der r\u00f6m.-kath. Kirche u. ggf. der luth. Kirchen</p></td></tr><tr><td><p>Dekanat</p></td><td><p>Dekanat</p></td><td><p>Dekanat</p></td><td><p>4149024-1</p></td><td><p><br /></p></td></tr><tr><td><p>Di\u00f6zese</p></td><td><p>Di\u00f6zese</p></td><td><p>Di\u00f6zese</p></td><td><p>4070487-7</p></td><td><p>F\u00fcr Di\u00f6zesen der r\u00f6m.-kath. Kirche u. ggf. der luth. Kirchen</p></td></tr><tr><td><p>Erzbistum</p></td><td><p>Erzdi\u00f6zese</p></td><td><p>Erzdi\u00f6zese</p></td><td><p>4414011-3</p></td><td><p>F\u00fcr Erzdi\u00f6zesen der r\u00f6m.-kath. Kirche u. ggf. der luth. Kirchen</p></td></tr><tr><td><p>Erzdi\u00f6zese</p></td><td><p>Erzdi\u00f6zese</p></td><td><p>Erzdi\u00f6zese</p></td><td><p>4414011-3</p></td><td><p>F\u00fcr Erzdi\u00f6zesen der r\u00f6m.-kath. Kirche u. ggf. der luth. Kirchen</p></td></tr><tr><td><p>Evangelische Gemeinde</p></td><td><p>Evangelische Gemeinde</p></td><td><p>Evangelische Gemeinde</p></td><td><p>4015829-9</p></td><td><p>Anmerkung siehe unten</p></td></tr><tr><td><p>Evangelische Kirchengemeinde</p></td><td><p>Evangelische Kirchengemeinde</p></td><td><p>Evangelische Gemeinde</p></td><td><p>4015829-9</p></td><td><p>Anmerkung siehe unten</p></td></tr><tr><td><p>Expositur</p></td><td><p>Expositur</p></td><td><p>Expositur</p></td><td><p>4698842-7</p></td><td><p>Abgegrenzter, z. T. selbstst\u00e4ndiger Seelsorgebezirk innerhalb einer Pfarrei</p></td></tr><tr><td><p>Generalsuperintendentur</p></td><td><p>Generalsuperintendentur</p></td><td><p>Generalsuperintendentur</p></td><td><p>4759491-3</p></td><td><p><br /></p></td></tr><tr><td><p>Gesamtkirchengemeinde</p></td><td><p>Gesamtkirchengemeinde oder Kirchgemeinde</p></td><td><p>Gesamtkirchengemeinde</p></td><td><p>122963598X</p></td><td><p>Bezeichnung f\u00fcr eine Verwaltungseinheit, die mehrere Pfarreien bzw. Kirchengemeinden umfasst. Es wird der selbstgebrauchte Name mit den jeweiligen Konfessionsbezeichnungen benutzt; in der Schweiz kann dieser auch <ac:inline-comment-marker ac:ref=\"450608f9-fbb3-480c-b884-c8bff58f1281\">\"Kirchgemeinde\"</ac:inline-comment-marker> lauten</p></td></tr><tr><td><p>Katholische Gemeinde</p></td><td><p>Katholische Gemeinde</p></td><td><p>Katholische Gemeinde</p></td><td><p>4029984-3</p></td><td><p>Anmerkung siehe unten</p></td></tr><tr><td><p>Katholische Kirchengemeinde</p></td><td><p>Katholische Kirchengemeinde</p></td><td><p>Katholische Gemeinde</p></td><td><p>4029984-3</p></td><td><p>Anmerkung siehe unten</p></td></tr><tr><td><p>Kirchenbezirk</p></td><td><p>Kirchenkreis oder Kirchenbezirk je nach Namensgebung</p></td><td><p>Kirchenkreis</p></td><td><p>4163919-4</p></td><td><p><br /></p></td></tr><tr><td><p>Kirchenkreis</p></td><td><p>Kirchenkreis</p></td><td><p>Kirchenkreis</p></td><td><p>4163919-4</p></td><td><p><br /></p></td></tr><tr><td><p>Kirchenprovinz</p></td><td><p>Kirchenprovinz</p></td><td><p>Kirchenprovinz</p></td><td><p>4125362-0</p></td><td><p><br /></p></td></tr><tr><td><p>Kuratie</p></td><td><p>Kuratie</p></td><td><p>Kuratie</p></td><td><p>4675148-8</p></td><td><p>Seelsorgesprengel anstelle einer Pfarrei, wo diese aus (staats)kirchenrechtlichen Gr\u00fcnden nicht errichtet werden kann.</p></td></tr><tr><td><p>Landkapitel</p></td><td><p>Dekanat</p></td><td><p>Dekanat</p></td><td><p>4149024-1</p></td><td><p><br /></p></td></tr><tr><td><p>Metropolitanverband</p><p><br /></p></td><td><p>Kirchenprovinz</p></td><td><p>Kirchenprovinz</p><p><br /></p></td><td><p>4125362-0</p></td><td><p><br /></p></td></tr><tr><td><p>Pfarrei</p></td><td><p>Pfarrei</p></td><td><p>Katholische Gemeinde</p></td><td><p>4029984-3</p></td><td><p>Anmerkung siehe unten</p></td></tr><tr><td><p>Pfarre</p></td><td><p>Pfarre</p></td><td><p>Katholische Gemeinde</p></td><td><p>4029984-3</p></td><td><p>Anmerkung siehe unten</p></td></tr><tr><td><p>Pfarrverband</p></td><td><p>Pfarrverband</p></td><td><p>Pfarrverband</p></td><td><p>4174006-3</p></td><td><p>Anmerkung siehe unten</p></td></tr><tr><td><p>Propstei</p></td><td><p>Propstei</p></td><td><p>Propstei</p></td><td><p>4175956-4</p></td><td><p>Benutzt f\u00fcr die Verwaltungseinheit in einigen ev. Landeskirchen; nicht benutzt f\u00fcr F\u00fcrstpropsteien des Heiligen R\u00f6mischen Reiches bis 1803; f\u00fcr diese siehe unter F\u00fcrstpropstei</p></td></tr><tr><td><p>Protestantische Gemeinde</p></td><td><p>Protestantische Gemeinde</p></td><td><p>Evangelische Gemeinde</p></td><td><p>4015829-9</p></td><td><p>Anmerkung siehe unten</p></td></tr><tr><td><p>Protestantische Kirchengemeinde</p></td><td><p>Protestantische Kirchengemeinde</p></td><td><p>Evangelische Gemeinde</p></td><td><p>4015829-9</p></td><td><p>Anmerkung siehe unten</p></td></tr><tr><td><p>Reformierte Gemeinde</p></td><td><p>Reformierte Gemeinde</p></td><td><p>Reformierte Gemeinde</p></td><td><p>4177351-2</p></td><td><p>Anmerkung siehe unten</p></td></tr><tr><td><p>Reformierte Kirchengemeinde</p></td><td><p>Reformierte Kirchengemeinde</p></td><td><p>Reformierte Gemeinde</p></td><td><p>4177351-2</p></td><td><p>Anmerkung siehe unten</p></td></tr><tr><td><p>Seelsorgebezirk</p></td><td><p>Seelsorgebezirk</p></td><td><p>Seelsorgebezirk</p></td><td><p>7500325-9</p></td><td><p>Es wird der selbstgebrauchte Name benutzt</p></td></tr><tr><td><p>Superintendentur</p></td><td><p>Superintendentur</p></td><td><p>Superintendentur</p></td><td><p>4184111-6</p></td><td><p>Anmerkung siehe unten</p></td></tr><tr><td><p>Superintendenz</p></td><td><p>Superintendenz</p></td><td><p>Superintendenz</p></td><td><p>4336785-9</p></td><td><p>Benutzt f\u00fcr das Gebiet der Evangelischen Kirche Augsburgischen und Helvetischen Bekenntnisses in \u00d6sterreich</p></td></tr></tbody></table>","type":"string"},"datatype":"string"},"type":"statement","id":"Q13654$10094461-7BAF-4DE8-AB65-F362E1AC5CFA","rank":"normal"}],"P2":[{"mainsnak":{"snaktype":"value","property":"P2","datavalue":{"value":{"entity-type":"item","numeric-id":3095,"id":"Q3095"},"type":"wikibase-entityid"},"datatype":"wikibase-item"},"type":"statement","id":"Q13654$516BB540-3E1B-4CA1-B792-270F3D769C86","rank":"normal"}],"P110":[{"mainsnak":{"snaktype":"value","property":"P110","datavalue":{"value":{"entity-type":"item","numeric-id":3113,"id":"Q3113"},"type":"wikibase-entityid"},"datatype":"wikibase-item"},"type":"statement","id":"Q13654$767EA1CC-8760-466F-A7D2-9100F889CA2C","rank":"normal"}]},"sitelinks":{}}}}

STA-Regel: Gattungsbegriffe für Verwaltungseinheiten von Gebietskörperschaften - Teil 3 | GND-Allgemeines

<table class="wrapped" data-mce-resize="false"><tbody><tr><th scope="col"><p>Gattungsbegriff für die Verwaltungseinheit (gängige Sucheinstiege)</p></th><th scope="col"><p>Im Sucheinstieg zu verwendender Begriff</p></th><th scope="col"><p>Als instanzieller Oberbegriff zu erfassender Gattungsbegriff</p></th><th scope="col"><p>GND-ID des Gattungsbegriffs&nbsp;</p></th><th scope="col"><p>Bemerkungen</p></th></tr><tr><td><p>Apostolische Administratur</p></td><td><p>Apostolische Administratur</p></td><td><p>Apostolische Administratur</p></td><td><p>4142799-3</p></td><td><p><br /></p></td></tr><tr><td><p>Apostolisches Vikariat</p></td><td><p>Apostolisches Vikariat</p></td><td><p>Apostolisches Vikariat</p></td><td><p>4389967-5</p></td><td><p><br /></p></td></tr><tr><td><p>Archidiakonat</p></td><td><p>Archidiakonat</p></td><td><p>Archidiakonat</p><p><br /></p></td><td><p>4142950-3</p></td><td><p><br /></p></td></tr><tr><td><p>Bischöfliches Amt</p></td><td><p>Bischöfliches Amt</p></td><td><p>Bischöfliches Amt</p></td><td><p>7714701-7</p></td><td><p><br /></p></td></tr><tr><td><p>Bistum</p></td><td><p>Diözese</p></td><td><p>Diözese</p></td><td><p>4070487-7</p></td><td><p>Für Diözesen der röm.-kath. Kirche u. ggf. der luth. Kirchen</p></td></tr><tr><td><p>Dekanat</p></td><td><p>Dekanat</p></td><td><p>Dekanat</p></td><td><p>4149024-1</p></td><td><p><br /></p></td></tr><tr><td><p>Diözese</p></td><td><p>Diözese</p></td><td><p>Diözese</p></td><td><p>4070487-7</p></td><td><p>Für Diözesen der röm.-kath. Kirche u. ggf. der luth. Kirchen</p></td></tr><tr><td><p>Erzbistum</p></td><td><p>Erzdiözese</p></td><td><p>Erzdiözese</p></td><td><p>4414011-3</p></td><td><p>Für Erzdiözesen der röm.-kath. Kirche u. ggf. der luth. Kirchen</p></td></tr><tr><td><p>Erzdiözese</p></td><td><p>Erzdiözese</p></td><td><p>Erzdiözese</p></td><td><p>4414011-3</p></td><td><p>Für Erzdiözesen der röm.-kath. Kirche u. ggf. der luth. Kirchen</p></td></tr><tr><td><p>Evangelische Gemeinde</p></td><td><p>Evangelische Gemeinde</p></td><td><p>Evangelische Gemeinde</p></td><td><p>4015829-9</p></td><td><p>Anmerkung siehe unten</p></td></tr><tr><td><p>Evangelische Kirchengemeinde</p></td><td><p>Evangelische Kirchengemeinde</p></td><td><p>Evangelische Gemeinde</p></td><td><p>4015829-9</p></td><td><p>Anmerkung siehe unten</p></td></tr><tr><td><p>Expositur</p></td><td><p>Expositur</p></td><td><p>Expositur</p></td><td><p>4698842-7</p></td><td><p>Abgegrenzter, z. T. selbstständiger Seelsorgebezirk innerhalb einer Pfarrei</p></td></tr><tr><td><p>Generalsuperintendentur</p></td><td><p>Generalsuperintendentur</p></td><td><p>Generalsuperintendentur</p></td><td><p>4759491-3</p></td><td><p><br /></p></td></tr><tr><td><p>Gesamtkirchengemeinde</p></td><td><p>Gesamtkirchengemeinde oder Kirchgemeinde</p></td><td><p>Gesamtkirchengemeinde</p></td><td><p>122963598X</p></td><td><p>Bezeichnung für eine Verwaltungseinheit, die mehrere Pfarreien bzw. Kirchengemeinden umfasst. Es wird der selbstgebrauchte Name mit den jeweiligen Konfessionsbezeichnungen benutzt; in der Schweiz kann dieser auch <ac:inline-comment-marker ac:ref="450608f9-fbb3-480c-b884-c8bff58f1281">"Kirchgemeinde"</ac:inline-comment-marker> lauten</p></td></tr><tr><td><p>Katholische Gemeinde</p></td><td><p>Katholische Gemeinde</p></td><td><p>Katholische Gemeinde</p></td><td><p>4029984-3</p></td><td><p>Anmerkung siehe unten</p></td></tr><tr><td><p>Katholische Kirchengemeinde</p></td><td><p>Katholische Kirchengemeinde</p></td><td><p>Katholische Gemeinde</p></td><td><p>4029984-3</p></td><td><p>Anmerkung siehe unten</p></td></tr><tr><td><p>Kirchenbezirk</p></td><td><p>Kirchenkreis oder Kirchenbezirk je nach Namensgebung</p></td><td><p>Kirchenkreis</p></td><td><p>4163919-4</p></td><td><p><br /></p></td></tr><tr><td><p>Kirchenkreis</p></td><td><p>Kirchenkreis</p></td><td><p>Kirchenkreis</p></td><td><p>4163919-4</p></td><td><p><br /></p></td></tr><tr><td><p>Kirchenprovinz</p></td><td><p>Kirchenprovinz</p></td><td><p>Kirchenprovinz</p></td><td><p>4125362-0</p></td><td><p><br /></p></td></tr><tr><td><p>Kuratie</p></td><td><p>Kuratie</p></td><td><p>Kuratie</p></td><td><p>4675148-8</p></td><td><p>Seelsorgesprengel anstelle einer Pfarrei, wo diese aus (staats)kirchenrechtlichen Gründen nicht errichtet werden kann.</p></td></tr><tr><td><p>Landkapitel</p></td><td><p>Dekanat</p></td><td><p>Dekanat</p></td><td><p>4149024-1</p></td><td><p><br /></p></td></tr><tr><td><p>Metropolitanverband</p><p><br /></p></td><td><p>Kirchenprovinz</p></td><td><p>Kirchenprovinz</p><p><br /></p></td><td><p>4125362-0</p></td><td><p><br /></p></td></tr><tr><td><p>Pfarrei</p></td><td><p>Pfarrei</p></td><td><p>Katholische Gemeinde</p></td><td><p>4029984-3</p></td><td><p>Anmerkung siehe unten</p></td></tr><tr><td><p>Pfarre</p></td><td><p>Pfarre</p></td><td><p>Katholische Gemeinde</p></td><td><p>4029984-3</p></td><td><p>Anmerkung siehe unten</p></td></tr><tr><td><p>Pfarrverband</p></td><td><p>Pfarrverband</p></td><td><p>Pfarrverband</p></td><td><p>4174006-3</p></td><td><p>Anmerkung siehe unten</p></td></tr><tr><td><p>Propstei</p></td><td><p>Propstei</p></td><td><p>Propstei</p></td><td><p>4175956-4</p></td><td><p>Benutzt für die Verwaltungseinheit in einigen ev. Landeskirchen; nicht benutzt für Fürstpropsteien des Heiligen Römischen Reiches bis 1803; für diese siehe unter Fürstpropstei</p></td></tr><tr><td><p>Protestantische Gemeinde</p></td><td><p>Protestantische Gemeinde</p></td><td><p>Evangelische Gemeinde</p></td><td><p>4015829-9</p></td><td><p>Anmerkung siehe unten</p></td></tr><tr><td><p>Protestantische Kirchengemeinde</p></td><td><p>Protestantische Kirchengemeinde</p></td><td><p>Evangelische Gemeinde</p></td><td><p>4015829-9</p></td><td><p>Anmerkung siehe unten</p></td></tr><tr><td><p>Reformierte Gemeinde</p></td><td><p>Reformierte Gemeinde</p></td><td><p>Reformierte Gemeinde</p></td><td><p>4177351-2</p></td><td><p>Anmerkung siehe unten</p></td></tr><tr><td><p>Reformierte Kirchengemeinde</p></td><td><p>Reformierte Kirchengemeinde</p></td><td><p>Reformierte Gemeinde</p></td><td><p>4177351-2</p></td><td><p>Anmerkung siehe unten</p></td></tr><tr><td><p>Seelsorgebezirk</p></td><td><p>Seelsorgebezirk</p></td><td><p>Seelsorgebezirk</p></td><td><p>7500325-9</p></td><td><p>Es wird der selbstgebrauchte Name benutzt</p></td></tr><tr><td><p>Superintendentur</p></td><td><p>Superintendentur</p></td><td><p>Superintendentur</p></td><td><p>4184111-6</p></td><td><p>Anmerkung siehe unten</p></td></tr><tr><td><p>Superintendenz</p></td><td><p>Superintendenz</p></td><td><p>Superintendenz</p></td><td><p>4336785-9</p></td><td><p>Benutzt für das Gebiet der Evangelischen Kirche Augsburgischen und Helvetischen Bekenntnisses in Österreich</p></td></tr></tbody></table>
